-8 - 0. Let x = z + t. Calculate the greatest common factor of x and 42.
6
Suppose 3*h = h + 2. Suppose 10 = -3*v + h. Let a be (v + -8)/((-4)/24). Calculate the highest common divisor of a and 44.
22
Let r = 95 + -93. Let j be 66/r - (-6 - -7). Suppose -t - m = 4*t - 79, 5*t - 5*m = 85. What is the greatest common divisor of j and t?
16
Suppose 5*b = -5*t - 25, 0*b - 15 = 3*t + b. Let k be t/5*-11*1. Suppose 2*m - m = 22. Calculate the greatest common divisor of m and k.
11
Let r(a) = 3*a**3 + 14*a**2 - 14*a - 5. Let m be r(-5). What is the greatest common factor of m and 8?
8
Let w = -15 - -15. Let p be (-1)/1*(-162 - w). Let o = -43 + 61. Calculate the highest common divisor of p and o.
18
Suppose 2*w = -5*r + 9, r - 1 = 2*r. Let v be 2/w - 172/14. Let x = -8 - v. What is the greatest common divisor of 10 and x?
2
Let v be (190/30 - 6)*2211. What is the highest common factor of v and 134?
67
Let x(f) = 8*f + 96. Let s be x(-9). Suppose 0 = -l + 2*u + 6, -3*u - 8 = -l - 0. What is the highest common factor of s and l?
2
Let d(g) = g**3 - 24*g**2 - 25*g + 11. Let y be d(25). Suppose 7*l - y*l + 64 = 0. Calculate the highest common factor of 40 and l.
8
Let b(r) = -r**2 + r + 21. Let f be b(0). Let o(d) = -3*d**3 + 36*d**2 + 3*d - 29. Let x be o(12). What is the greatest common divisor of x and f?
7
Let o = -146 + 212. Let p be (164/(-205))/(2/(-15)). What is the highest common divisor of p and o?
6
Suppose 0 = d - 4*d + 6, -2*o - 5*d = 6. Let f(t) = t + 13. Let z be f(o). What is the greatest common divisor of z and 2?
1
Suppose -6*v + 2 = -5*v. Suppose -3*x + 22 = 5*h, 43 = -x + 6*x + v*h. Calculate the greatest common divisor of 18 and x.
9
Suppose -16 = -r + 2*c, -39 = -6*r + 3*r - 3*c. Calculate the greatest common divisor of r and 252.
14
Let s(g) = g**3 + 8*g**2 - 3*g - 9. Suppose 9*w = 5*w + 296. Let l be (-5)/(-30) - w/12. Let k be s(l). What is the highest common factor of k and 9?
9
Let i = 439 - 209. What is the greatest common factor of i and 20?
10
Let l be ((-17)/4)/((-1)/36*3). What is the highest common divisor of 17 and l?
17
Let r(g) = 9*g**2 - 19*g - 147. Let l be r(-7). What is the greatest common factor of l and 61?
61
Suppose 15*x = -3*x + 180. Suppose x*n - 126 = -4*n. Calculate the greatest common divisor of n and 171.
9
Let q = 18 - 33. Let k be ((-1)/(-3))/((q/36)/(-5)). What is the highest common divisor of k and 64?
4
Let j = 710 + -567. Calculate the highest common factor of j and 33.
11
Let j = 1371 - -686. Calculate the greatest common divisor of 242 and j.
121
Let k be 5/(0 + 1) - -1. Suppose y + 0*y + 47 = o, -2*y = k. Calculate the highest common divisor of 22 and o.
22
Suppose 0 = y + w - 32 + 5, 3*y - 82 = -4*w. What is the greatest common factor of y and 156?
26
Let u be 120*(2/4 - 114/(-60)). What is the highest common divisor of 36 and u?
36
Let t be 0 - (3 + -2 - 15). Let c be 4/t + 24/14. Suppose -2*q = -4*b + 14, 2*q - c = 3*q - b. Calculate the greatest common factor of q and 21.
3
Suppose 7*b - 11*b = -8. Let h = b - -36. Let y = h + -23. What is the greatest common factor of y and 60?
15
Let z be 2 + (-3 - -541 - -10). Calculate the greatest common divisor of z and 100.
50
Let z(x) = -5*x**3 + 3*x**2 + 3*x + 3. Let q be z(-2). Suppose 0 = -14*r + 652 + 34. Calculate the greatest common factor of q and r.
49
Suppose -2*a + 42 = -86. Calculate the highest common divisor of a and 64.
64
Let j = -3610 + 3754. Let t = -17 - -33. What is the highest common factor of j and t?
16
Suppose 3*q = -5*w + 199, -2*w + 0*w = 2*q - 82. Let g = w - -19. Suppose 0*c = 3*c - g. What is the highest common divisor of 171 and c?
19
Let v(q) = 2*q**2 + 10*q + 8. Let a be v(-7). Let l be 5/2*a/15. Let b = 1 + l. What is the greatest common divisor of 35 and b?
7
Suppose 120 = 17*w - 7*w. What is the highest common factor of w and 42?
6
Suppose -50 = -5*b + 110. What is the highest common divisor of b and 80?
16
Suppose -5*d + 110 = 5*l, 19*d + 13 = l + 17*d. Calculate the highest common factor of 608 and l.
19
Suppose -4*v = -3*x - 109, v - 68 = -2*v + 5*x. What is the highest common divisor of v and 124?
31
Let u be (5/2)/(1/2). Suppose 2*q + 178 = u*s + 6*q, q = -3. Suppose -2*a - d = -115, -1 = -d - 0. Calculate the greatest common factor of a and s.
19
Let z = 34 - 8. Suppose 0 = 3*l + 5*k - k - z, 5*l + 3*k = 25. Let v be (-3 + 1 - -6)*l. Calculate the highest common factor of v and 64.
8
Let d = -37 + 41. Suppose 4*w + 3*n = -w + 145, 0 = -3*w - d*n + 98. What is the greatest common divisor of w and 65?
13
Suppose 268 = 2*b + 4*o, -9 = -b + 5*o + 97. What is the greatest common factor of b and 693?
63
Suppose 4*o = -l + 140, -o = -6*l + 3*o + 868. What is the greatest common divisor of l and 90?
18
Let g = 3 + -5. Let q be (12/(-18))/(g/6). Let l(j) = -j**3 + 3*j**2 + 2*j - 2. Let v be l(-2). Calculate the highest common factor of v and q.
2
Let j(g) = -4*g**2 + 38*g - 17. Let n be j(9). What is the highest common factor of 14 and n?
1
Let o(z) = -126 + 0*z**2 + 123 + 16*z - z**2. Let h be o(14). What is the highest common divisor of 75 and h?
25
Let r = -112 - -165. Let q = -9 + r. Suppose -10*g - 4*g + 56 = 0. What is the greatest common divisor of g and q?
4
Let x(b) = 4*b - 4. Let z(s) = s**3 + 3*s**2 - 4*s. Let a be z(-4). Suppose a = -2*c + 8 + 2. Let t be x(c). What is the greatest common factor of t and 24?
8
Let l be (-3 - 5 - 1)*-32. Suppose 4*m = 6*m - l. What is the highest common factor of m and 32?
16
Suppose -24*n = -34*n + 30. Calculate the greatest common factor of 95 and n.
1
Suppose -6*h + 7 + 71 = 0. Calculate the greatest common factor of 26 and h.
13
Suppose -2 = -f + 2. Suppose 5*p - 305 = 5*l, -l + 59 = 25*p - 24*p. Calculate the greatest common divisor of p and f.
4
Let s be (-3 - -2)*3*-5. Suppose 0*y + 3*c + 3 = y, 5*c + s = 0. Let x be (-4)/y + (-246)/(-9). What is the highest common factor of x and 56?
28
Suppose -17*y + 5*y = -24. What is the greatest common factor of y and 6?
2
Let w = 445 + -204. Let j = w + -136. Let r(z) = z**2 - 5*z - 29. Let b be r(10). What is the greatest common divisor of j and b?
21
Suppose -117 - 3 = -4*b. Let k be 252/b - (-2)/(-5). Calculate the greatest common factor of 40 and k.
8
Let m(c) = c**2 - 8*c - 7. Let p be m(12). What is the greatest common divisor of p and 533?
41
Let j = -219 - -150. Let u = 119 + j. What is the highest common factor of 10 and u?
10
Let m(p) = p**2 - 17*p - 80. Let x be m(25). Calculate the highest common factor of 24 and x.
24
Let d(f) = -10*f - 6. Let t be d(-2). Let b = -46 - -60. Calculate the greatest common factor of b and t.
14
Let b be 439/7 + (-2)/(-7). Suppose 3*u - 87 = -0*u. Suppose 1 = -4*q + u. Calculate the greatest common divisor of b and q.
7
Let t be 254528/416 + (-4)/(-26). Calculate the highest common divisor of 18 and t.
18
Let h be 373/5 + 4/10. Let t be ((-9792)/(-28))/6 + (-6)/21. Suppose -s + t = 2*p + 2*p, p = -4*s + 7. Calculate the highest common divisor of p and h.
15
Let k(x) = -5*x - 122. Let f be k(-26). Let m(n) = 0*n**3 + 7*n**2 - 2*n**3 + n**3 + 9*n + 4. Let c be m(f). What is the greatest common factor of 30 and c?
6
Let t(d) = 2*d**2 + 10*d - 10. Let h be t(-10). Suppose 3*z + z - h = -2*l, -l - z = -45. What is the highest common divisor of l and 30?
15
Let y(w) = -4*w**2 - 23*w - 27. Let a(d) = -9*d**2 - 46*d - 54. Let c(s) = 3*a(s) - 7*y(s). Let u be c(-23). What is the greatest common factor of u and 297?
27
Let f be 2/7 - (-66)/14. Let r = 93 + -89. Suppose 2*s = f*m + s - 125, -r*m = -3*s - 100. What is the greatest common divisor of m and 25?
25
Suppose 13*o - 2168 = -5*c + 15*o, -2167 = -5*c + 3*o. Calculate the greatest common factor of c and 56.
14
Suppose 2*k - 55 = -3*n, 12 = n + 5*k - 28. Suppose 2*a - 3*l - 36 = 0, -2*a = 31*l - 27*l - 22. What is the greatest common divisor of a and n?
15
Suppose n - 19 = -4*z, n - 2*z + 5 = 6*n. Let k(s) = 2*s + 3 - 2*s**2 + 14*s**2 - s**2. Let u be k(n). Calculate the highest common divisor of 8 and u.
4
Let z(q) = q**2 - 10*q - 6. Let r = -32 + 40. Let d be z(r). Let p be (-11 - 9)*d/5. What is the greatest common factor of p and 8?
8
Let s be (-2)/(-8) + (-38)/(-8). Suppose 60 = 1744*u - 1738*u. Calculate the highest common divisor o